ime factors of 287302?
2, 143651
What are the prime factors of 1458040?
2, 5, 36451
List the prime factors of 28984.
2, 3623
What are the prime factors of 3105522?
2, 3, 7, 503
What are the prime factors of 18920195?
5, 7, 540577
What are the prime factors of 120097?
120097
What are the prime factors of 3804579?
3, 19, 1171
List the prime factors of 802539.
3, 23, 3877
List the prime factors of 218182.
2, 43, 59
What are the prime factors of 460441?
283, 1627
List the prime factors of 426885.
3, 5, 149, 191
List the prime factors of 123225.
3, 5, 31, 53
List the prime factors of 12166075.
5, 486643
What are the prime factors of 312476?
2, 191, 409
List the prime factors of 5679990.
2, 3, 5, 109, 193
List the prime factors of 67153.
67153
List the prime factors of 6516958.
2, 7, 23, 37, 547
List the prime factors of 5069845.
5, 11, 92179
What are the prime factors of 672521?
672521
What are the prime factors of 132983?
71, 1873
List the prime factors of 143864.
2, 7, 367
What are the prime factors of 239316?
2, 3, 7, 11, 37
What are the prime factors of 1356864?
2, 3, 37, 191
List the prime factors of 3626889.
3, 7, 172709
List the prime factors of 20468400.
2, 3, 5, 37, 461
List the prime factors of 1285960.
2, 5, 13, 2473
List the prime factors of 400543.
11, 13, 2801
What are the prime factors of 2210080?
2, 5, 19, 727
What are the prime factors of 6076857?
3, 1049, 1931
List the prime factors of 227604.
2, 3, 13, 1459
What are the prime factors of 709913?
709913
What are the prime factors of 555293?
555293
List the prime factors of 329563.
13, 101, 251
List the prime factors of 1372904.
2, 13, 43, 307
What are the prime factors of 16185685?
5, 1621, 1997
What are the prime factors of 999489?
3, 431, 773
What are the prime factors of 4021749?
3, 19, 29, 811
List the prime factors of 5296427.
5296427
List the prime factors of 1875853.
7, 89, 3011
What are the prime factors of 736404?
2, 3, 109, 563
What are the prime factors of 2953200?
2, 3, 5, 23, 107
What are the prime factors of 3597146?
2, 7, 256939
What are the prime factors of 3195352?
2, 131, 3049
List the prime factors of 85422.
2, 3, 23, 619
What are the prime factors of 743376?
2, 3, 17, 911
List the prime factors of 517991.
517991
List the prime factors of 529713.
3, 23, 853
What are the prime factors of 7112680?
2, 5, 41, 4337
What are the prime factors of 283009?
283009
List the prime factors of 268654.
2, 134327
List the prime factors of 7557968.
2, 11, 42943
What are the prime factors of 2723590?
2, 5, 272359
List the prime factors of 232063.
13, 17851
What are the prime factors of 131214?
2, 3, 19, 1151
What are the prime factors of 23088809?
23088809
List the prime factors of 865821.
3, 11, 26237
List the prime factors of 53123.
7, 7589
List the prime factors of 46746.
2, 3, 7, 53
What are the prime factors of 2381709?
3, 11, 72173
What are the prime factors of 177352?
2, 7, 3167
List the prime factors of 651689.
651689
What are the prime factors of 261731?
227, 1153
What are the prime factors of 457050?
2, 3, 5, 11, 277
List the prime factors of 282033.
3, 31337
List the prime factors of 578527.
17, 34031
What are the prime factors of 3694776?
2, 3, 153949
What are the prime factors of 277684?
2, 11, 6311
What are the prime factors of 1532326?
2, 766163
List the prime factors of 1264451.
1264451
List the prime factors of 1872482.
2, 17, 55073
What are the prime factors of 9522135?
3, 5, 7, 19, 37, 43
What are the prime factors of 1032432?
2, 3, 137, 157
What are the prime factors of 335734?
2, 7, 23981
What are the prime factors of 48348?
2, 3, 17, 79
What are the prime factors of 1001910?
2, 3, 5, 7, 13, 367
List the prime factors of 1419733.
7, 127, 1597
List the prime factors of 79892.
2, 19973
What are the prime factors of 1086479?
233, 4663
What are the prime factors of 1558818?
2, 3, 28867
What are the prime factors of 4640904?
2, 3, 43, 1499
What are the prime factors of 128294?
2, 23, 2789
List the prime factors of 4618.
2, 2309
What are the prime factors of 861263?
13, 97, 683
What are the prime factors of 528659?
528659
List the prime factors of 665665.
5, 7, 11, 13, 19
List the prime factors of 3330568.
2, 383, 1087
List the prime factors of 47038.
2, 29, 811
What are the prime factors of 7964558?
2, 7, 67, 1213
List the prime factors of 1192803.
3, 23, 59, 293
List the prime factors of 302045.
5, 193, 313
List the prime factors of 1700818.
2, 7, 121487
What are the prime factors of 248977?
307, 811
List the prime factors of 10732493.
10732493
What are the prime factors of 528016?
2, 61, 541
What are the prime factors of 1490099?
13, 83, 1381
What are the prime factors of 62971?
62971
What are the prime factors of 2212598?
2, 229, 4831
What are the prime factors of 7351920?
2, 3, 5, 10211
What are the prime factors of 5987125?
5, 211, 227
What are the prime factors of 117083?
191, 613
List the prime factors of 7705112.
2, 31, 31069
What are the prime factors of 7709378?
2, 1847, 2087
What are the prime factors of 4597665?
3, 5, 306511
List the prime factors of 2771586.
2, 3, 31, 4967
What are the prime factors of 153918?
2, 3, 17, 503
List the prime factors of 34477778.
2, 17238889
What are the prime factors of 2024070?
2, 3, 5, 19, 53, 67
List the prime factors of 101788.
2, 25447
List the prime factors of 7079419.
19, 239, 1559
List the prime factors of 314078.
2, 53, 2963
What are the prime factors of 33205041?
3, 251, 14699
List the prime factors of 13962929.
19, 73, 10067
List the prime factors of 103623.
3, 13, 2657
List the prime factors of 3352820.
2, 5, 167641
What are the prime factors of 137221?
7, 19603
List the prime factors of 276964.
2, 17, 4073
What are the prime factors of 552296?
2, 17, 31, 131
List the prime factors of 846248.
2, 13, 79, 103
What are the prime factors of 1798913?
1798913
What are the prime factors of 925352?
2, 103, 1123
What are the prime factors of 90228?
2, 3, 73, 103
What are the prime factors of 549921?
3, 183307
List the prime factors of 2283275.
5, 91331
What are the prime factors of 377995?
5, 17, 4447
What are the prime factors of 366781?
23, 37, 431
List the prime factors of 7947883.
883, 9001
What are the prime factors of 1767392?
2, 11, 5021
List the prime factors of 596560.
2, 5, 7457
What are the prime factors of 585322?
2, 292661
List the prime factors of 11226873.
3, 7, 37, 14449
List the prime factors of 2195991.
3, 7, 1291
List the prime factors of 45831.
3, 15277
What are the prime factors of 7146096?
2, 3, 53
What are the prime factors of 5627556?
2, 3, 11, 1579
What are the prime factors of 1764760?
2, 5, 44119
What are the prime factors of 1033670?
2, 5, 11, 9397
List the prime factors of 17086209.
3, 7, 401, 2029
List the prime factors of 100224.
2, 3, 29
What are the prime factors of 237213?
3, 26357
List the prime factors of 1681330.
2, 5, 7, 24019
What are the prime factors of 1079834?
2, 7, 137, 563
What are the prime factors of 145324?
2, 47, 773
What are the prime factors of 195119?
41, 4759
List the prime factors of 431572.
2, 23, 4691
What are the prime factors of 1769550?
2, 3, 5, 47, 251
What are the prime factors of 13372917?
3, 4457639
What are the prime factors of 11197132?
2, 29, 96527
List the prime factors of 10630294.
2, 5315147
List the prime factors of 259808.
2, 23, 353
List the prime factors of 953659.
7, 136237
List the prime factors of 5252117.
13, 404009
List the prime factors of 9801095.
5, 17, 67, 1721
What are the prime factors of 25138053?
3, 17, 54767
What are the prime factors of 14590142?
2, 7, 23, 6473
List the prime factors of 269250.
2, 3, 5, 359
List the prime factors of 2602148.
2, 650537
List the prime factors of 2071320.
2, 3, 5, 41, 421
List the prime factors of 16856670.
2, 3, 5, 239, 2351
List the prime factors of 6868025.
5, 19, 761
What are the prime factors of 271688?
2, 33961
What are the prime factors of 338054?
2, 23, 7349
List the prime factors of 3522335.
5, 23, 109, 281
List the prime factors of 5537799.
3, 59, 10429
What are the prime factors of 863778?
2, 3, 19, 7577
What are the prime factors of 152457?
3, 89, 571
List the prime factors of 2679335.
5, 281, 1907
List the prime factors of 888131.
17, 89, 587
List the prime factors of 593653.
23, 53, 